{"id":1293,"date":"2025-04-10T13:25:42","date_gmt":"2025-04-10T16:25:42","guid":{"rendered":"https:\/\/royalpadelpanama.com\/latam\/?post_type=product&#038;p=1293"},"modified":"2025-04-10T13:25:44","modified_gmt":"2025-04-10T16:25:44","slug":"royal-padel-35-aniversario-light","status":"publish","type":"product","link":"https:\/\/royalpadelpanama.com\/latam\/producto\/royal-padel-35-aniversario-light\/","title":{"rendered":"Royal Padel 35 Aniversario Light"},"content":{"rendered":"<p>Este a\u00f1o estamos de celebraci\u00f3n, cumplimos 35 a\u00f1os y hemos creado la gama Aniversario m\u00e1s especial de todas. El modelo 35 Aniversario Light llega redise\u00f1ado para ser la mejor pala antiepicondilitis del mercado.<\/p>\n<p>Todas las \u00faltimas tecnolog\u00edas patentadas para reducir al m\u00ednimo las vibraciones han sido incorporadas a este modelo.<\/p>\n<p>Fabricada en su interior por Polietileno blando y de gran absorci\u00f3n y por Fibertech en su superficie, la 35 Aniversario Light es una de las palas m\u00e1s c\u00f3modas de Royal Padel. Este a\u00f1o, los marcos de la pala vienen reforzados con una capa de carbono para aumentar su durabilidad pero manteniendo el tacto blando que tanto la caracteriza. La novedad de este a\u00f1o se encuentra en la disposici\u00f3n de agujeros en la pala. Colocados estrat\u00e9gicamente para mantener el amplio punto dulce de la pala y el punto Shock Absortion, la nueva distribuci\u00f3n aumenta la manejabilidad de la pala haciendo que sea m\u00e1s c\u00f3modo a\u00fan jugar con ella. Para este 2025, seguimos apostando por una pala con balance bajo y forma de l\u00e1grima para reducir la exposici\u00f3n de tu codo a vibraciones. Incorporamos tambi\u00e9n unos acabados en relieve para maximizar el efecto de tus golpes y el control de bola.<\/p>\n<p>Si eres un jugador\/a que ha sufrido epicondilitis y simplemente quieres jugar al p\u00e1del, \u00a1la 35 Aniversario Light es la mejor pala que puedes tener!<\/p>\n<p>Para esta temporada, fabricamos esta pala en un rango de pesos comprendido entre 350 y 365 gramos. Se trata de la misma pala que el modelo 35 Aniversario Poly pero fabricada en un rango de pesos menor. Recuerda que en Royal Padel pesamos una a una todas nuestras palas para que puedas seleccionar el peso m\u00e1s adecuado para ti.<\/p>\n","protected":false},"excerpt":{"rendered":"<p>Este a\u00f1o estamos de celebraci\u00f3n, cumplimos 35 a\u00f1os y hemos creado la gama Aniversario m\u00e1s especial de todas. El modelo 35 Aniversario Light llega redise\u00f1ado para ser la mejor pala antiepicondilitis del mercado.<\/p>\n<p>Todas las \u00faltimas tecnolog\u00edas patentadas para reducir al m\u00ednimo las vibraciones han sido incorporadas a este modelo.<\/p>\n","protected":false},"featured_media":1295,"template":"","meta":[],"product_brand":[],"product_cat":[18,17],"product_tag":[],"class_list":{"0":"post-1293","1":"product","2":"type-product","3":"status-publish","4":"has-post-thumbnail","6":"product_cat-padel","7":"product_cat-palas","9":"first","10":"instock","11":"taxable","12":"shipping-taxable","13":"product-type-simple"},"_links":{"self":[{"href":"https:\/\/royalpadelpanama.com\/latam\/wp-json\/wp\/v2\/product\/1293","targetHints":{"allow":["GET"]}}],"collection":[{"href":"https:\/\/royalpadelpanama.com\/latam\/wp-json\/wp\/v2\/product"}],"about":[{"href":"https:\/\/royalpadelpanama.com\/latam\/wp-json\/wp\/v2\/types\/product"}],"wp:featuredmedia":[{"embeddable":true,"href":"https:\/\/royalpadelpanama.com\/latam\/wp-json\/wp\/v2\/media\/1295"}],"wp:attachment":[{"href":"https:\/\/royalpadelpanama.com\/latam\/wp-json\/wp\/v2\/media?parent=1293"}],"wp:term":[{"taxonomy":"product_brand","embeddable":true,"href":"https:\/\/royalpadelpanama.com\/latam\/wp-json\/wp\/v2\/product_brand?post=1293"},{"taxonomy":"product_cat","embeddable":true,"href":"https:\/\/royalpadelpanama.com\/latam\/wp-json\/wp\/v2\/product_cat?post=1293"},{"taxonomy":"product_tag","embeddable":true,"href":"https:\/\/royalpadelpanama.com\/latam\/wp-json\/wp\/v2\/product_tag?post=1293"}],"curies":[{"name":"wp","href":"https:\/\/api.w.org\/{rel}","templated":true}]}}